 = o - -722. What is the tens digit of k?
8
Suppose -13*d = -7*d + 84. Let l = d - -19. Suppose l*j - 3*j = -3*p + 100, 0 = 4*p - j - 137. What is the units digit of p?
4
Let i(q) = -101*q**2 + q - 5. Let c be i(2). Let b = -131 - c. What is the units digit of b?
6
Let z be ((-18)/30)/(2/10). Let l(m) = -6*m**3 - m**2 - m + 9. Let k(r) = 5*r**3 + r**2 - 9. Let h(c) = z*k(c) - 2*l(c). What is the units digit of h(-3)?
5
Let j(m) be the first derivative of -m**2/2 + 93*m + 14. Let o be j(0). Suppose -o = -3*s + 18. What is the tens digit of s?
3
Let h(s) = -62*s - 39. Let c(j) = -21*j - 10. Let q(x) = -21*x - 9. Let y(b) = 4*c(b) - 3*q(b). Let l(r) = 3*h(r) - 8*y(r). What is the tens digit of l(-6)?
9
Let y be 98*57/(-9)*-3. Suppose -12*s + 1954 = -y. What is the units digit of s?
8
Suppose 5 + 0 = 5*h. Let r be h/(((-36)/8)/(-9)). Suppose 0 = r*b - 192 - 50. What is the hundreds digit of b?
1
Let o be 6876/24*(-4)/(-6) + -2. Let r = o + -128. What is the units digit of 0 + -3 + (-3)/((-3)/r)?
8
What is the ten thousands digit of (8/12)/(-10 + ((-11584454)/165492)/(-7))?
5
Let u = 10145 + -5796. What is the hundreds digit of u?
3
Let o(w) = -w**2 + 6*w + 72. Let b be o(12). Suppose b = u - 55 - 8. What is the units digit of u?
3
Let q = 34503 - 24303. What is the ten thousands digit of q?
1
Suppose -10*h + 1 = -9. What is the thousands digit of (-2*19/6)/(h/(-225))?
1
Let o(l) = -5*l**3 + 4*l**2 + 7*l - 5. Let p be o(7). Let h = 1826 + -1816. What is the hundreds digit of (-2*6/h)/(10/p)?
1
Let w = 38 - 44. What is the tens digit of (-14)/w*(-1 + 7)?
1
Let w = 1174 + 8883. What is the hundreds digit of w?
0
Let r(l) = -l**3 + 47*l**2 - 4*l + 198. Let i be r(47). Let z(g) = 16*g - 123. What is the units digit of z(i)?
7
Let x(r) = -12*r**3 + 4*r**2 + 4*r + 4. Let z be x(-3). Let y = 614 - z. What is the tens digit of y?
6
Let z(g) = g**3 - 80*g**2 + 315*g + 135. What is the hundreds digit of z(76)?
9
Let i be (-12)/54 - 63/81. What is the hundreds digit of (i - -30)/(((-99)/405)/(-11))?
3
Let i(w) = 402*w - 1. Let o be (0 + 2)*((-15)/(-6) + -2). What is the hundreds digit of i(o)?
4
Suppose 8*f - 25963 - 13550 = 135. What is the units digit of f?
6
Let y(i) = -5*i + 23. Let j be y(14). Let t = -8 - j. Suppose 5*c = 0, -2*c = 2*q - t - 7. What is the units digit of q?
3
Let f be (-1936)/(-44)*70/(-4). Let c = 1231 + f. What is the tens digit of c?
6
Suppose 0 = -4*r + 3*t + 55557, 5*r + 542*t - 69445 = 546*t. What is the thousands digit of r?
3
Suppose 6681 = n + 5*r, 4*n - 9*r = -8*r + 26598. What is the thousands digit of n?
6
Suppose 0 = 219*j - 230*j + 166991. What is the ten thousands digit of j?
1
Let k be (23 - -5)*(3 + -1)/8. What is the tens digit of k + 248/(-40) + 92/10?
1
What is the hundreds digit of (3/(-21))/((-3)/1839432*8)?
9
Let b(s) = 110*s + 85. Let u be b(-3). Let o = -613 + 1130. Let g = u + o. What is the hundreds digit of g?
2
Let o(y) = -25*y + y**3 - 19 - 16*y**2 - 10*y**2 + 37*y**2. What is the hundreds digit of o(-11)?
2
Let w be 2*274*(-8)/32. Let l = 125 + w. What is the hundreds digit of (191 - 0)/(13 + l)?
1
Let k be 3/(-12)*4*-889. Let x = k - -931. What is the hundreds digit of x?
8
Let j = 663 - -462. Suppose 4*l = -3*g + 2*g + 555, j = 2*g + 3*l. What is the tens digit of g?
6
Suppose 6*r - 22*r = -272. Let c(k) = k**3 - 16*k**2 - 12*k + 8. What is the tens digit of c(r)?
9
Suppose 412075 - 179940 = 30*o - 301535. What is the units digit of o?
9
Suppose 3*v = -187 + 193. Suppose 2*d + 1562 = 5*k, -6*d - 628 = -v*k - 2*d. What is the hundreds digit of k?
3
Suppose -37685 = -10*c + 5*s, 0 = 2*c - 93*s + 88*s - 7533. What is the tens digit of c?
6
Let z = 41 + -39. Suppose -18 = -3*o + z*o. Suppose 5*d + o = 393. What is the units digit of d?
5
Let v(n) = -n + 1. Let k be v(-2). Let w be (2/k)/(12/(-486)*-9). Suppose w*c + 4*s - 182 = 3*s, -174 = -3*c + 3*s. What is the units digit of c?
0
Let b = -156 - -158. What is the tens digit of 961 - 4*b/8?
6
Suppose -24*a = -a - 745568. What is the tens digit of a/19 + ((-40)/19 - -2)?
0
Let f be -2 + 3*12/(-9). What is the hundreds digit of (12978/70)/(f/(-40))?
2
What is the hundreds digit of 4/(-5) + (4/26 - (-4461936)/520)?
5
What is the tens digit of (46973/5 - 2)*((-10 - -9) + 6)?
6
Let s(y) = 13*y + 315. Let g be s(-38). Let r = -35 + -37. Let l = r - g. What is the hundreds digit of l?
1
Suppose 243*c = 3995994 + 1399578. What is the hundreds digit of c?
2
Let g = -328 + 335. Suppose -5*y + 5650 = 5*t, -g*t + 1130 = -6*t - 2*y. What is the tens digit of t?
3
Let i be (-6*1)/(-3) + 3. Suppose i*q - 274 - 1166 = 0. Let f = -196 + q. What is the units digit of f?
2
Let a = -13358 + 27030. What is the hundreds digit of a?
6
Let i(h) = 13*h - 127. Let c be i(10). Suppose 206 = j - 5*p - 627, -2444 = -c*j + 4*p. What is the hundreds digit of j?
8
Suppose -34359 + 9954 = -15*k. What is the tens digit of k?
2
Let p(n) = -187*n - 4264. What is the tens digit of p(-58)?
8
Let l = 5 - 5. Suppose d + 5 = 0, -2*i = 3*d - l*d + 5. Suppose -i*s + 287 = 2*s. What is the units digit of s?
1
Suppose -8*l = -3*l - 135. Let g = 30 - l. What is the tens digit of -41*((-2)/g)/(26/117)?
2
Let b(t) = -t**2 + 16*t + 1. Let g be b(15). Suppose g*v - 56 = 20*v. Let f = v + 158. What is the hundreds digit of f?
1
Let w be 650*(10/25)/1. Let j be (16/(-40))/(1/w). Let g = j + 222. What is the hundreds digit of g?
1
Let v(s) = -2*s - 9. Let j be v(-7). Let p(l) = 2*l**2 + l - 1. Let t(w) = w**2 + 6*w - 11. Let q(y) = 2*p(y) - t(y). What is the tens digit of q(j)?
6
Suppose 66*z = 19*z + 62228. What is the units digit of z?
4
Suppose -149*m = -4203797 - 804093. What is the thousands digit of m?
3
What is the hundreds digit of (-388)/(-970) + 45024/15?
0
Let n = -12601 + 18889. What is the thousands digit of n?
6
Suppose 2*r - 3*r = 3*q - 121, 3*r - 339 = 3*q. Suppose r*j = 113*j + 656. What is the tens digit of j?
2
Let o = -10 - -5. Let h be (397 + 3 + -9)*-1. What is the units digit of h/o + (-8)/(-10)?
9
Let k(j) = -7*j - 8. Let a(i) = 13*i + 14. Let u(r) = -6*a(r) - 11*k(r). Let y be 2/(-6) + 100/(-6). What is the tens digit of u(y)?
2
Let v be ((-92)/(-92))/((-1)/39). Let d(b) = -7*b**2 + 3*b + 3. Let n be d(3). Let s = v - n. What is the units digit of s?
2
Let p(b) = -4*b**3 - 24*b**2 - 97*b - 1373. What is the tens digit of p(-15)?
8
Let r(k) = -k**2 + 2*k + 71. Let h be r(-7). Suppose -628 = -2*m + h. What is the units digit of m?
8
Let d = -133 + 423. Suppose 2*v + u - 158 = 203, 4*v - 2*u = 734. Let w = d - v. What is the units digit of w?
8
Let u(v) = -v**3 - 2*v**2 + 3*v + 12. Let l be u(-11). Let s = l + 322. Suppose -s = 4*k - 9*k. What is the tens digit of k?
7
What is the units digit of (-4)/(-22) - (-8318177)/913?
1
Suppose -2*o + z = 3*o + 148, 0 = -2*z - 4. Let p = -25 - o. Suppose 3*v = p*t + 162, -t - 245 = -4*v - 4*t. What is the tens digit of v?
5
Suppose 55 = 5*x + 30. What is the tens digit of x/(-15) - (-1336)/12?
1
Let n(f) = 263*f**3 - 6*f**2 + 50*f - 21. What is the hundreds digit of n(6)?
8
Suppose -11*u + 48 = -5*u. Suppose u*h - f = 3*h + 555, f + 444 = 4*h. What is the hundreds digit of h?
1
Let t(v) = -17*v - 61. Suppose 24*c + 410 = 122. What is the hundreds digit of t(c)?
1
What is the ten thousands digit of (-378090)/(-27) + 28/(-21)?
1
Let r = -23097 + 1908. What is the tens digit of (6/4)/(-11 + r/(-1926))?
6
Let l be (11 - (-36)/(-6)) + 6. Suppose -321 = -l*h + 1043. What is the units digit of h?
4
Let j = -31 - 16. Let y = 54 + j. Let z(f) = -f**3 + 9*f**2 - 3*f. What is the tens digit of z(y)?
7
Let w(g) = g**2 - 34*g - 48. Let j be w(36). Suppose -j*s + 12592 + 27080 = 0. What is the units digit of s?
3
Let t = 191 + -43. What is the hundreds digit of (-23)/(884/t - 6)?
8
Let t(y) = 163*y - 1555. What is the units digit of t(55)?
0
Let t(s) = 21*s**2 - 89*s + 1582. What is the units digit of t(38)?
4
Let k = 45 - 40. Suppose -k*s - 109 = -1799. Suppose 0 = -11*u + 1994 + s. What is the units digit of u?
2
Let y(n) = -27*n - 11. Let m(p) = p - 9. Suppose 2*l - 12 = -2*k, -5*k + 22 + 4 = l. Let t be m(k). What is the units digit of y(t)?
7
Let l(p) = -p**3 - p**2 + 43*p + 13. What is the tens digit of l(-25)?
3
Suppose -3*v + 69501 = -p, 2*v - 17777